 - (5 - 68)?
67
What is the value of 13 - -1 - (-12 - (-46 + 30)) - -13?
23
Evaluate 23 + -35 - -26 - -71 - 27.
58
Calculate (88 - 8) + 10 - (-187 + 190).
87
Evaluate 2 + -3 - -5 - (-60 - (10 + -29)).
45
-1 + 0 - (-46 + -26 + 61)
10
Calculate 7 - (172 + -110) - 15.
-70
What is the value of 180 + -171 + -1 + 5 + -6 + 0 + 55?
62
What is the value of -626 + 654 + 3 + -31?
0
Evaluate 0 + -59 + -435 + 197 + 192.
-105
What is the value of 30 - (-409 + 500 + -10 + 1)?
-52
Evaluate (-6 + 44 + -15 - 25) + -11.
-13
What is the value of 35 + -86 - -50 - 92?
-93
Calculate 100 - 85 - (-15 + (9 + -7 - -1)).
27
Evaluate (4 - 2 - (-12 + 0)) + (40 - 0).
54
What is the value of 73 - 36 - 37 - (2 - -11)?
-13
Evaluate -14 - ((59 - 54) + (3 - 33) + (-8 - 0)).
19
(31 - 21) + 60 + 3 + -5 + 1
69
What is 12 + -12 + -12 - -35?
23
Calculate (-1 - (66 + -5)) + (14 - ((14 - 11) + 8)).
-59
Evaluate (0 - 1) + (46 - (-5 + 25)).
25
What is 16 + -20 + (15 - 21)?
-10
(1 - 0 - 2) + -24 + -3 + (8100 - 8098)
-26
10 + ((-2 - 7) + 0 - (16 + 14))
-29
Evaluate 6 + 194 + -232 + -30 + 0.
-62
Evaluate (-4 - -8) + 403 + -395.
12
Evaluate 0 + -13 + (-30 + 17 - -4) + 4.
-18
What is the value of 7 - (0 - 2) - (-2832 + 2802)?
39
Calculate -33 + 3 - (2 + -64 - -90).
-58
What is (167 - 62) + (9 - (10 - 12)) + (-6 - -1)?
111
What is the value of -53 + 21 + (3 - (-7 + 1))?
-23
What is (38 - 42 - 23) + 14 - -29?
16
What is -9 - ((20 - 23) + -8 - -38)?
-36
13 - (5 + 5 + 15 + -15 + -13)
16
What is 6 - (-70 + (40 - 35) + 26)?
45
Calculate -25 + -36 + -41 + 190.
88
Evaluate -26 + -18 + 32 + -2 + 6.
-8
Evaluate (-4 - -11) + (150 - 151) - (0 + 45).
-39
What is the value of 79 + (-94 - -139 - 87)?
37
Evaluate 11 - 31 - (28 - 26) - -5.
-17
Calculate 39 - -13 - 41 - (-10 - -19 - 52).
54
What is the value of -13 + -37 - (81 - 124)?
-7
What is (-112 - -118) + 0 + 4 + 3 + 21?
34
What is 16 + -17 + 40 + 21?
60
What is the value of (-18 - 38) + 63 + -25 - (-81 + 0)?
63
Evaluate -124 - (-106 - (-48 - -45)).
-21
What is the value of 12 - (-15 - (-27 - 34))?
-34
Evaluate 90 + (-22 - (31 + -31)) - (-2 + 14).
56
5 + -9 - (-49 - -57)
-12
0 + 2 + 2 + -2 + (15 + -23 - -26)
20
What is -45 + (16 - 9) - 22 - -28?
-32
Calculate 79 - 32 - -1 - 12.
36
6605 - 6368 - (-1 - -125)
113
Calculate 51 + (23 + -1 - (-845 - -828)).
90
116 - (21 + 9 + -18 + (3 - 2))
103
(-41 - -7 - -9) + (67 - 35)
7
What is 5 + -16 + -5 - (-19 - (-80 + 16))?
-61
What is the value of (12 - (-23 + 2)) + -21 + 18 + 7?
37
What is -91 + -1 + -1417 + 1478?
-31
What is the value of 8 + 0 + (-43 - -33) + 5 - (5 + -17)?
15
Evaluate 24 - -8 - -9 - (36 + -39 + (-1 - -2)).
43
Evaluate (-45 - 2) + (38 - 35).
-44
Calculate 21 - (124 + -27 + 3) - (2 - 7).
-74
0 + 1 - 30 - (34 + -19 + -14)
-30
Evaluate (0 - -7) + (-17 - (-23 - -28)) + 12 + 58.
55
58 + -35 - (-28 + -21 + 26)
46
Evaluate 31 - ((17 - 41) + 15) - (-11 - 2).
53
1 + (1 - -9) + (15 - -25) + -59
-8
What is the value of 22 + (-18 - -7) + 24 + 4?
39
What is (0 - -2) + (328 - 70 - 207)?
53
What is the value of (-1 - 13) + 4 + (24 + -22 + -28 - -21)?
-15
Calculate -19 + (-46 - 2) + 43.
-24
What is the value of (-22 + 132 - 77) + (-1 - 15)?
17
Evaluate (-18 - (36 + -25)) + -3 + 12 + 75.
55
What is (-14 - -25) + (-5 - (10 + (1 - -6 - 94)))?
83
-2 - (-19 + 14 + -6 - (-3 - 10))
-4
What is the value of (23 - 19) + 0 - (16 - (22 + -16))?
-6
Calculate 3 + 16 + 66 - (-1 + 0 - -13) - -5.
78
What is (14 - (-8 - -3)) + 1060 + -999?
80
1 + -23 - (-235 + 134 + 44)
35
Calculate (-98 - (18 - 93)) + (1 - 2).
-24
Calculate -22 + -2 - (65 + -51) - -18.
-20
123 + 84 + -129 + -18 + -2
58
Evaluate -123 - -118 - (0 + 3 + -19) - -11.
22
129 - 167 - (-6 + (2 - 7))
-27
What is (-1 + 0 + -1 - -12) + 19 + (9 - 15)?
23
2 - 0 - 3 - (37 + -44) - 72
-66
What is 3 - 79 - (-5 + -5 + 32)?
-98
Evaluate 9 + 1 + (94 - 81).
23
What is (-138 - -137) + (-24 - ((-1 - -4) + 2)) + 5?
-25
Calculate 33 + 3 + (-5 - -9 - 10) + -14.
16
Evaluate 31 + -68 + 37 - (-132 - -4).
128
What is (130 - 110) + 11 + (0 - -2) + -17?
16
What is the value of -4 + (11 - 71) + -16?
-80
(-161 + 86 - -50) + 107
82
Evaluate -19 + 0 + (-20 + -75 - -105).
-9
(0 - (13 + -5 + -7 - -49)) + 80 + -75
-45
What is the value of 21 + 33 + -44 + -1 + -7 - (0 + -53)?
55
Evaluate (9 + (0 - (-11 + 7)) - (-3 - -16)) + -23.
-23
What is -37 + 41 + -47 - -3?
-40
Calculate -33 + (55 - 24) - (-91 - 0).
89
What is the value of (18 - (-13 + 20)) + -25 + 15 - (44 - -1)?
-44
What is the value of (17 - 3) + (26 - (-21 + 0 - -127))?
-66
What is 1 + (-5 - -7) + (-5 - -4 - -9 - 56)?
-45
Evaluate -3 - (23 - (3 - (3 - -28))).
-54
What is 11 - (-12 + -3 + (-68 - -59))?
35
Calculate -4 + (-63 - -44 - -15).
-8
Evaluate 32 - (-22 - (-22 - (1 + -13))).
44
What is 12 - ((184 - 53) + -82)?
-37
What is (-128 + 118 - 15) + 116?
91
-7 + 8 + -7 + (-47 - -27) + -8
-34
Evaluate -3 - (59 + (10 - 21) - (0 + (6 - 7))).
-52
What is the value of -7 - 11 - ((25 - -3) + -48)?
2
(36 + -37 - -7) + -64
-58
What is -11 - ((22 - (18 + -16)) + -19)?
-12
What is the value of 916 + -978 - (-71 - -1)?
8
Evaluate (-72 - 1 - (-42 + -15 - -31)) + (-15 - -1).
-61
-193 - (21 + -15 + -98)
-101
What is -7 - -14 - (0 + (-14 - 3) + 4)?
20
What is -15 + (-44 - -6) + 21?
-32
-16 + (0 - 0) + 1 + (-50 - -243) + -298
-120
What is the value of -928 + 842 + (0 - -2 - 5)?
-89
What is (152 - 130) + (104 - (-2 + 11)) + -11?
106
85 - 101 - -113 - (8 - -25)
64
What is the value of (81 - 100 - -71) + 20?
72
What is the value of -1 + 56 + 565 + -571?
49
Calculate -33 + 1 + (7 - 31 - (53 - 67)).
-42
What is -8 - (-1192 + 1198 - (-46 + 0 + -1))?
-61
What is the value of 1 + (8 - -2) - (30 + -22 + 70)?
-67
What is 5 - (3 + -11 + (49 - -33) - -1) - -8?
-62
Calculate (3 - 58) + (18 - (42 + -38)).
-41
(-4 + -1 + -42 - -3) + (5 - 10 - -5)
-44
46 + 67 + (13 - 166)
-40
(-20 - (5 - 9) - (-4 + -2)) + 5 - 10
-15
What is 17 + (-2 - 0 - 15) + 8?
8
-1 + -1 - (64 - ((-7 - 11) + 11))
-73
What is the value of 706 - 644 - (9 - 27)?
80
What is -63 + (64 - 31) - (11 + 3 + 0)?
-44
Evaluate -57 + (21 - (-36 + 12 - -39 - -2)).
-53
Calculate 19 + -31 - (-3 + -7 - -9) - 2.
-13
What is 12 + -44 + (1 - (-20 + 53))?
-64
Evaluate 18 + -97 + -2 + (59 - (-10 + 62)).
-74
Calculate 54 + -34 + 37 + 36 + (-4 - 1).
88
What is the value of -57 - (0 + 3 + (-129 - -113))?
-44
Calculate -20 + (-19 - -7 - -7).
-25
What is the value of -75 - (-102 + 78) - -150?
99
Calculate -1 + 24 + (-244 - (159 - 325)).
-55
-38 - (-4 + 0 + (23 - 14) + -14)
-29
Evaluate (-29 - -17) + (4 + (2 - 11) - 42).
-59
What is -8 + (13 - ((-17 - -11 - -7) + -1 + 90))?
-85
91 + -17 + 3 + 10 + 25 + -38
74
What is the value of -23 + -5 + 2161 + -2088?
45
What is the value of (-3 - (-8 + 49)) + -365 + 368?
-41
Calculate (6 - 3) + -2 + 3 + 20 - (-223 - -229).
18
What is -23 - -3 - (-3 - -11 - 7)?
-21
Evaluate -30 + -18 + 31 + -29.
-46
(17 - -2) + -2 + (-604 - -593)
6
What is -23 + -573 + 599 + -49 + -1?
-47
(-164 - -386 - 238) + (2 - (-63 - -2))
47
What is -12 - ((-1 - 19 - (47 - 56)) + -33)?
32
Evaluate -17 - (-39 + -39 + 20).
41
What is the value of -139 - (20 + (-24 + 2 - (-278 - -295)))?
-120
What is the value of (32 - (-20 - -10)) + -270 + 98?
-130
What is (-92 - (-86 - -48)) + -6?
-60
Evaluate -8 - (22 + 2 - (103 - 92)).
-21
What is -3849 + 3839 - (-3 - 115)?
108
Calculate 90 + -39 + -146 + 62.
-33
Evaluate 23 + (24 - 55) + 2.
-6
Evaluate 1885 + -1991 + (32 + 0 - 2).
-76
-10 - (-13 - -17 - -2)
-16
What is the value of 15 - (2 + -171 + 179 + -23 + 1)?
27
(-66 - -93 - 22) + -44 + (1 - 2)
-40
What is the value of 46 + (8 + -59 - 32)?
-37
149 + -149 + 0 + -21 + 3
-18
Evaluate -71 - (-99 + (32 - 19)).
15
38 + -2 + 5862 + -5855
43
What is the value of (156 - (-141 + 306)) + (3 - 1) + -51?
-58
What is (43 - 54 - (-3 - (2 - 3)) - -12) + 54?
57
What is the value of 18441 + -18408 + -138 + 2?
-103
Calculate (23 - 0) + 77 + -93 + -1.
6
Evaluate 15 + (-25 - (-12 + 17)).
-15
Evaluate (-136 - -144) + (0 - 42) + 3 + -1 + 0.
-32
Evaluate (-6 - -40) + -130 + 99 - (-13 - -3).
13
Evaluate (4 - 59) + -2 + 0 - (30 - 6 - 16).
-65
What is the value of (3 - (-1 - (-28 + 13)) - 1) + -3?
-15
What is the value of -86 - -1 - (-13762 + 13666)?
11
Evaluate -106 + 15 + (-49 - -29) + 30.
-81
Calculate (-50 - (-14 - -24)) + (-10 + 8 - (-3 - 0)).
-59
Calcula